{"id":109,"date":"2012-03-02T23:22:37","date_gmt":"2012-03-03T02:22:37","guid":{"rendered":"http:\/\/pnlyexito.com\/blog\/?page_id=109"},"modified":"2022-09-25T11:38:16","modified_gmt":"2022-09-25T14:38:16","slug":"pnl-ojos","status":"publish","type":"page","link":"https:\/\/pnlyexito.com\/blog\/tecnicas-de-pnl\/pnl-ojos\/","title":{"rendered":"Accesos Oculares con PNL Ojos"},"content":{"rendered":"\n<figure class=\"wp-block-image size-full is-resized\"><img loading=\"lazy\" decoding=\"async\" src=\"https:\/\/i0.wp.com\/pnlyexito.com\/blog\/wp-content\/uploads\/2013\/12\/Accesos-Oculares.png?resize=640%2C598&#038;ssl=1\" alt=\"Accesos oculares\" class=\"wp-image-110\" width=\"640\" height=\"598\" srcset=\"https:\/\/i0.wp.com\/pnlyexito.com\/blog\/wp-content\/uploads\/2013\/12\/Accesos-Oculares.png?w=640&amp;ssl=1 640w, https:\/\/i0.wp.com\/pnlyexito.com\/blog\/wp-content\/uploads\/2013\/12\/Accesos-Oculares.png?resize=300%2C280&amp;ssl=1 300w\" sizes=\"(max-width: 640px) 100vw, 640px\" data-recalc-dims=\"1\" \/><\/figure>\n\n\n\n<p>Dentro del mundo de la <a href=\"http:\/\/pnlyexito.com\/blog\/que-es-la-pnl\/\" title=\"Que es la PNL\">PNL o Programaci\u00f3n Neuroling\u00fc\u00edstica<\/a>, seg\u00fan mi opini\u00f3n, no hay nada m\u00e1s apasionante que el aprender a leer el lenguaje corporal de otra persona. Con la <strong>t\u00e9cnica de PNL ojos <\/strong>de accesos oculares es posible leer el lenguaje corporal, saber c\u00f3mo est\u00e1 pensando la otra persona e incluso tener indicios para saber si te mienten o no. <\/p>\n\n\n\n<p>Como ya he descrito anteriormente,&nbsp;la <a href=\"https:\/\/pnlyexito.com\/blog\/curso-de-pnl\/controlar-las-emociones-con-la-fisiologia\/\">fisiolog\u00eda<\/a> es determinante para <a href=\"http:\/\/pnlyexito.com\/blog\/control-emociones-pnl\/\" title=\"controlar las emociones\">controlar las emociones<\/a>&nbsp;que sentimos cotidianamente. El conocimiento de las <strong>claves de accesos oculares<\/strong>, termina por entregar una visi\u00f3n completa y clara del tema.<\/p>\n\n\n\n<figure class=\"wp-block-image alignright\"><a href=\"https:\/\/i0.wp.com\/pnlyexito.com\/blog\/wp-content\/uploads\/2012\/03\/pnlVAK.jpg\"><img loading=\"lazy\" decoding=\"async\" width=\"260\" height=\"195\" src=\"https:\/\/i0.wp.com\/pnlyexito.com\/blog\/wp-content\/uploads\/2012\/03\/pnlVAK.jpg?resize=260%2C195\" alt=\"Sistemas representacionales de la PNL (Modalidades)\" class=\"wp-image-117\" data-recalc-dims=\"1\"\/><\/a><figcaption class=\"wp-element-caption\"><a href=\"https:\/\/pnlyexito.com\/blog\/curso-de-pnl\/sistemas-representacionales-de-la-pnl\/\">Sistemas representacionales de la PNL<\/a> (Modalidades)<\/figcaption><\/figure>\n\n\n\n<p>Para entender las claves de accesos oculares, es necesario reconocer que existen diferentes <a href=\"https:\/\/pnlyexito.com\/blog\/curso-de-pnl\/sistemas-representacionales-de-la-pnl\/\" title=\"Sistemas Representacionales de la PNL\">sistemas representacionales<\/a> los que son:<\/p>\n\n\n\n<ol>\n<li><strong>Visual<\/strong><\/li>\n\n\n\n<li><strong>Auditivo<\/strong><\/li>\n\n\n\n<li><strong>Kinest\u00e9sico (sensaciones)<\/strong><\/li>\n<\/ol>\n\n\n\n<div style=\"height:32px\" aria-hidden=\"true\" class=\"wp-block-spacer\"><\/div>\n\n\n\n<h2 class=\"wp-block-heading\">\u00bfQu\u00e9 son las Claves de Accesos Oculares?<\/h2>\n\n\n\n<p>Las claves de accesos oculares es <strong>la interpretaci\u00f3n de las distintas posiciones que adoptan los ojos en el espacio <\/strong>y forman parte <strong>del lenguaje corporal.<\/strong> Este es un modo de reconocer el sistema representacional que utiliza una persona en un momento dado, adem\u00e1s de reconocer si hay alg\u00fana preferencia por alg\u00fan sistema representacional en particular.  <\/p>\n\n\n\n<p>Adem\u00e1s, ante situaciones espec\u00edficas, puedes reconocer a trav\u00e9s de las claves de accesos oculares si la otra persona est\u00e1 pensando en im\u00e1genes internas, sonidos o experimentando sensaciones. Si bien existen diferencias entre distintas personas, en la misma persona siempre se va a repetir exactamente el mismo patr\u00f3n.<\/p>\n\n\n\n<p>Estudia la imagen de los accesos oculares al comienzo del art\u00edculo y luego mira este v\u00eddeo en donde se ense\u00f1an c\u00f3mo leer los accesos oculares con PNL.<\/p>\n\n\n\n<figure class=\"wp-block-embed is-type-video is-provider-youtube wp-block-embed-youtube wp-embed-aspect-16-9 wp-has-aspect-ratio\"><div class=\"wp-block-embed__wrapper\">\n<iframe loading=\"lazy\" title=\"Accesos oculares espa\u00f1ol completo pnl\" width=\"1080\" height=\"608\" src=\"https:\/\/www.youtube.com\/embed\/PAkAdhigoes?feature=oembed\"  allow=\"accelerometer; autoplay; clipboard-write; encrypted-media; gyroscope; picture-in-picture\" allowfullscreen><\/iframe>\n<\/div><\/figure>\n\n\n\n<p><\/p>\n\n\n\n<p><\/p>\n\n\n\n<p><\/p>\n\n\n\n<p><\/p>\n\n\n\n<p><\/p>\n\n\n\n<p><\/p>\n\n\n\n<h2 class=\"has-vivid-cyan-blue-color has-text-color wp-block-heading\"><span style=\"color: #3366ff;\">\u00bfPara qu\u00e9 sirve PNL Ojos?<\/span><\/h2>\n\n\n\n<p><\/p>\n\n\n\n<ol>\n<li><strong>Para entender mejor a las otras persoas:<\/strong> Reconocer el sistema representacional que est\u00e1 usando, te permite entender con mayor precisi\u00f3n que es lo que est\u00e1 tratando de comunicar. Incluso, si eres perspicaz, <strong><span style=\"text-decoration: underline;\">puedes reconocer si la otra persona es sincera o miente<\/span><\/strong>.<\/li><br>\n\n\n\n<li><strong>Establecer <a href=\"http:\/\/pnlyexito.com\/blog\/pnl-rapport\/\">Rapport Piscol\u00f3gico<\/a>:<\/strong> El raport permite establecer un contacto profundo con el inconsciente de la otra persona. Una vez establecido dicho contacto es posible <strong><span style=\"text-decoration: underline;\">liderar la comunicaci\u00f3n y la conducta<\/span><\/strong> obteniendo una cuota de poder y control sobre la otra persona. Una forma de conseguir el rapport con los accesos oculares es sencillamente e<strong>spejar la posici\u00f3n de los ojos de tu interlocutor.<\/strong> Adem\u00e1s puedes intentar <strong>hablar sintonizado con el sistema representacional<\/strong> que est\u00e1 usando la persona. Por ejemplo, una persona muy visual se irrita con facilidad con personas que les hablan todo el tiempo sobre c\u00f3mo se sienten (personas kinest\u00e9sicas). A trav\u00e9s de los accesos oculares, puedes saber si una personas tiende&nbsp;a ser m\u00e1s visual, auditiva o kinest\u00e9sicas, para luego sintonizarte con ella.<\/li>\n<\/ol>\n\n\n\n<p><\/p>\n\n\n\n<div class=\"wp-block-getwid-section\"><div class=\"wp-block-getwid-section__wrapper\"><div class=\"wp-block-getwid-section__inner-wrapper\"><div class=\"wp-block-getwid-section__background-holder\"><div class=\"wp-block-getwid-section__background has-background\" style=\"background-color:#ffffa5\"><\/div><div class=\"wp-block-getwid-section__foreground\"><\/div><\/div><div class=\"wp-block-getwid-section__content\"><div class=\"wp-block-getwid-section__inner-content\">\n<p><strong>En Resumen:<\/strong> Las <strong>claves de accesos oculares<\/strong> son las posiciones que adquieren los ojos de los seres humanos cuando piensan, los cuales tienen un significado respecto a determinar de qu\u00e9 forma exactamente est\u00e1n pensando la otra persona &nbsp;(<a href=\"https:\/\/pnlyexito.com\/blog\/curso-de-pnl\/sistemas-representacionales-de-la-pnl\/\">sistemas representacionales<\/a>).<\/p>\n\n\n\n<p><strong>La utilidad es <\/strong>que permite leer el lenguaje corporal para entender mejor, ajustar el propio lenguaje verbal y corporal, liderar y manipular para facilitar el cambio.<\/p>\n<\/div><\/div><\/div><\/div><\/div>\n\n\n\n<p><\/p>\n\n\n\n<p><\/p>\n","protected":false},"excerpt":{"rendered":"<p>Los accesos oculares son las posiciones que adoptan los ojos cuando las personas piensan. Con PNL ojos se puede leer el lenguaje corporal, saber si te mienten<\/p>\n","protected":false},"author":1,"featured_media":0,"parent":88,"menu_order":2,"comment_status":"open","ping_status":"open","template":"","meta":{"_et_pb_use_builder":"","_et_pb_old_content":"","_et_gb_content_width":"","_uag_custom_page_level_css":"","_monsterinsights_skip_tracking":false,"_monsterinsights_sitenote_active":false,"_monsterinsights_sitenote_note":"","_monsterinsights_sitenote_category":0,"footnotes":""},"aioseo_notices":[],"uagb_featured_image_src":{"full":false,"thumbnail":false,"medium":false,"medium_large":false,"large":false,"1536x1536":false,"2048x2048":false,"et-pb-post-main-image":false,"et-pb-post-main-image-fullwidth":false,"et-pb-portfolio-image":false,"et-pb-portfolio-module-image":false,"et-pb-portfolio-image-single":false,"et-pb-gallery-module-image-portrait":false,"et-pb-post-main-image-fullwidth-large":false,"et-pb-image--responsive--desktop":false,"et-pb-image--responsive--tablet":false,"et-pb-image--responsive--phone":false},"uagb_author_info":{"display_name":"Francisco Astorga","author_link":"https:\/\/pnlyexito.com\/blog\/author\/francastorga\/"},"uagb_comment_info":12,"uagb_excerpt":"Los accesos oculares son las posiciones que adoptan los ojos cuando las personas piensan. Con PNL ojos se puede leer el lenguaje corporal, saber si te mienten","jetpack_sharing_enabled":true,"jetpack_likes_enabled":true,"_links":{"self":[{"href":"https:\/\/pnlyexito.com\/blog\/wp-json\/wp\/v2\/pages\/109"}],"collection":[{"href":"https:\/\/pnlyexito.com\/blog\/wp-json\/wp\/v2\/pages"}],"about":[{"href":"https:\/\/pnlyexito.com\/blog\/wp-json\/wp\/v2\/types\/page"}],"author":[{"embeddable":true,"href":"https:\/\/pnlyexito.com\/blog\/wp-json\/wp\/v2\/users\/1"}],"replies":[{"embeddable":true,"href":"https:\/\/pnlyexito.com\/blog\/wp-json\/wp\/v2\/comments?post=109"}],"version-history":[{"count":16,"href":"https:\/\/pnlyexito.com\/blog\/wp-json\/wp\/v2\/pages\/109\/revisions"}],"predecessor-version":[{"id":1468,"href":"https:\/\/pnlyexito.com\/blog\/wp-json\/wp\/v2\/pages\/109\/revisions\/1468"}],"up":[{"embeddable":true,"href":"https:\/\/pnlyexito.com\/blog\/wp-json\/wp\/v2\/pages\/88"}],"wp:attachment":[{"href":"https:\/\/pnlyexito.com\/blog\/wp-json\/wp\/v2\/media?parent=109"}],"curies":[{"name":"wp","href":"https:\/\/api.w.org\/{rel}","templated":true}]}}